
Calculate the greatest common factor of 292 and 13107077.
73
What is the greatest common factor of 151823 and 88642?
943
Calculate the highest common factor of 387 and 302287764.
129
Calculate the highest common factor of 38 and 274303.
19
What is the highest common divisor of 42245 and 2599310?
2485
What is the highest common factor of 29884 and 47959?
241
What is the greatest common divisor of 233337 and 76353?
93
Calculate the highest common factor of 34108 and 15508.
4
What is the greatest common divisor of 232512 and 43152?
48
Calculate the highest common factor of 464814 and 8092.
238
What is the greatest common factor of 26361731 and 236?
59
Calculate the highest common divisor of 59037210 and 5680.
710
Calculate the highest common divisor of 283 and 3474391.
283
Calculate the highest common divisor of 18 and 556363.
1
What is the greatest common factor of 88 and 33383196?
44
What is the greatest common divisor of 1264512 and 18048?
384
What is the highest common divisor of 598 and 69212?
26
What is the greatest common factor of 29 and 15606727?
29
Calculate the greatest common factor of 6665 and 5559230.
155
Calculate the highest common factor of 1845 and 2612889.
369
Calculate the highest common factor of 1730 and 33010.
10
Calculate the highest common factor of 10115 and 656761.
119
Calculate the highest common divisor of 419418352 and 15736.
2248
Calculate the greatest common factor of 190 and 7583242.
38
What is the highest common factor of 1780157886 and 26?
26
Calculate the highest common factor of 23393106 and 45.
9
Calculate the highest common factor of 12544 and 27706112.
1792
What is the highest common factor of 4201743 and 3297?
21
Calculate the highest common divisor of 9986648 and 2912.
56
What is the highest common factor of 1243520 and 6547968?
3712
What is the greatest common divisor of 320712 and 1512?
168
Calculate the greatest common divisor of 357995212 and 292.
292
Calculate the greatest common factor of 99383 and 3371685.
667
What is the highest common factor of 3898 and 302831722?
3898
What is the highest common factor of 160044490 and 1030?
1030
Calculate the highest common divisor of 1191 and 8183361.
1191
Calculate the highest common divisor of 8140682 and 1034.
1034
What is the greatest common divisor of 262 and 174688762?
262
What is the highest common factor of 29186815 and 70?
35
Calculate the greatest common divisor of 235638936 and 79794.
7254
What is the greatest common factor of 343960 and 790?
10
What is the greatest common divisor of 502177984 and 70952?
10136
What is the greatest common divisor of 170005 and 59290?
605
What is the greatest common factor of 3108 and 30608?
4
What is the highest common divisor of 168234 and 334?
2
What is the highest common factor of 7350 and 4318566?
294
Calculate the greatest common factor of 1042244535 and 30.
15
Calculate the greatest common factor of 45 and 271735715.
5
What is the greatest common factor of 41560308 and 408?
204
Calculate the highest common factor of 2870 and 7894550.
410
Calculate the greatest common divisor of 214247 and 22.
11
What is the highest common divisor of 730797 and 3021?
57
What is the greatest common divisor of 55008 and 235721504?
6112
What is the greatest common factor of 574 and 3207134?
14
Calculate the highest common divisor of 417060 and 38724.
84
What is the greatest common divisor of 2830032 and 2256?
48
What is the greatest common divisor of 2 and 1209466?
2
Calculate the highest common divisor of 7123 and 3081745.
419
What is the greatest common factor of 43 and 146666?
1
What is the greatest common divisor of 10525 and 2613147?
421
What is the highest common factor of 50 and 181223150?
50
What is the highest common divisor of 851877 and 6210693?
7281
Calculate the greatest common divisor of 452715 and 120.
15
Calculate the greatest common factor of 24860 and 2216500.
220
Calculate the highest common factor of 70877214 and 13410.
2682
Calculate the greatest common factor of 22 and 84846322.
22
What is the greatest common factor of 4806024080 and 9230?
9230
Calculate the highest common divisor of 26016 and 10848.
96
What is the greatest common factor of 193064176 and 16?
16
Calculate the highest common factor of 116651 and 1676917.
157
Calculate the highest common divisor of 27933680 and 2000.
80
What is the highest common factor of 15176 and 48111172?
1084
What is the greatest common divisor of 3892 and 6535780?
556
What is the greatest common divisor of 1024194 and 1156870?
1618
What is the greatest common factor of 18 and 277689?
3
What is the highest common factor of 79038369 and 2871?
261
Calculate the greatest common factor of 9 and 3116853.
9
What is the highest common divisor of 81578240 and 782?
782
What is the highest common divisor of 183199852 and 186428?
9812
Calculate the greatest common divisor of 3164 and 12004781.
113
What is the greatest common factor of 128367685 and 645?
215
Calculate the highest common factor of 318 and 172731717.
159
Calculate the greatest common divisor of 1772666005 and 2530.
1265
Calculate the greatest common divisor of 15398 and 1060.
2
What is the greatest common factor of 16799 and 109033?
107
What is the greatest common divisor of 22391272 and 36?
4
Calculate the highest common factor of 33925 and 523330.
295
Calculate the greatest common factor of 470 and 326739018.
94
Calculate the highest common factor of 170884248 and 24.
24
What is the highest common divisor of 12508 and 268490474?
6254
Calculate the highest common divisor of 40380 and 98179932.
8076
Calculate the highest common divisor of 1303190 and 2270.
10
What is the highest common divisor of 32077510 and 94270?
8570
What is the highest common factor of 735692 and 20128?
68
Calculate the greatest common divisor of 1030 and 856565510.
1030
What is the greatest common factor of 1184014 and 7605?
169
What is the highest common divisor of 17319 and 12654416?
5773
What is the highest common factor of 18723816 and 1434?
6
Calculate the greatest common factor of 199160 and 580.
20
Calculate the greatest common factor of 42050 and 810.
10
Calculate the highest common factor of 689744629 and 122.
61
Calculate the greatest common factor of 2728 and 78774751.
341
What is the greatest common divisor of 7287 and 5539855?
347
What is the greatest common factor of 1115210472 and 39384?
13128
What is the highest common factor of 30107 and 573111?
77
Calculate the greatest common divisor of 2365601 and 13124.
3281
What is the greatest common factor of 314815578 and 33?
33
What is the highest common divisor of 15470065 and 130?
65
Calculate the greatest common divisor of 2276785 and 175.
35
Calculate the greatest common factor of 1616 and 8515376.
16
Calculate the highest common factor of 63407 and 485861.
389
What is the greatest common divisor of 523649044 and 76?
76
Calculate the highest common factor of 430244 and 27956.
116
Calculate the highest common factor of 126616 and 1464.
8
Calculate the greatest common factor of 879 and 26024553.
879
Calculate the greatest common factor of 1086664 and 784.
8
Calculate the highest common divisor of 3984157 and 1668.
139
Calculate the greatest common divisor of 10641 and 147.
3
Calculate the greatest common divisor of 915 and 345825.
15
What is the highest common factor of 520 and 31312840?
520
What is the highest common divisor of 72317616 and 336?
336
Calculate the highest common factor of 97944 and 278570544.
8904
Calculate the highest common factor of 63577368 and 8343.
927
What is the highest common divisor of 13503721 and 596?
149
Calculate the greatest common divisor of 168075 and 26925.
75
Calculate the highest common factor of 14525 and 356153.
581
Calculate the greatest common factor of 8956885 and 3990.
665
What is the greatest common divisor of 418 and 93420701?
209
Calculate the greatest common divisor of 61092 and 14832.
36
What is the greatest common factor of 2120 and 3032024?
424
What is the greatest common divisor of 157 and 6716460?
157
What is the greatest common factor of 48369 and 7516122?
2103
Calculate the highest common divisor of 445533 and 9867.
759
What is the highest common divisor of 52831 and 803712?
23
What is the greatest common divisor of 23 and 4327694